 factors of 3522477?
3, 7, 59, 2843
What are the prime factors of 17878973?
7, 113, 3229
List the prime factors of 31920.
2, 3, 5, 7, 19
What are the prime factors of 16270633?
181, 241, 373
List the prime factors of 1411924.
2, 23, 103, 149
List the prime factors of 7098793.
13, 71, 7691
What are the prime factors of 432563?
307, 1409
List the prime factors of 30797.
13, 23, 103
List the prime factors of 820534.
2, 11, 13, 19, 151
List the prime factors of 716188.
2, 11, 41, 397
List the prime factors of 149217.
3, 49739
What are the prime factors of 448027?
448027
What are the prime factors of 13229852?
2, 19, 174077
What are the prime factors of 1539832?
2, 7, 31, 887
What are the prime factors of 150346?
2, 7, 10739
List the prime factors of 476129.
31, 15359
List the prime factors of 198471.
3, 7, 13, 727
What are the prime factors of 18553730?
2, 5, 13, 41, 59
What are the prime factors of 2131824?
2, 3, 23, 1931
List the prime factors of 215233.
31, 53, 131
What are the prime factors of 8201739?
3, 7, 13, 2311
What are the prime factors of 543906?
2, 3, 11, 41, 67
List the prime factors of 1026724.
2, 283, 907
List the prime factors of 137007.
3, 13, 1171
What are the prime factors of 192778?
2, 113, 853
What are the prime factors of 1916718?
2, 3, 319453
What are the prime factors of 8133398?
2, 7, 13, 23, 29, 67
List the prime factors of 191943.
3, 7109
List the prime factors of 1115589.
3, 241, 1543
List the prime factors of 166485.
3, 5, 11, 1009
What are the prime factors of 1277424?
2, 3, 2957
List the prime factors of 2472799.
7, 23, 15359
List the prime factors of 16244593.
16244593
List the prime factors of 409160.
2, 5, 53, 193
List the prime factors of 224379.
3, 107, 233
What are the prime factors of 277788?
2, 3, 7, 3307
List the prime factors of 389686.
2, 11, 17713
What are the prime factors of 65566?
2, 32783
What are the prime factors of 2396851?
2396851
List the prime factors of 6841908.
2, 3, 7039
List the prime factors of 13117244.
2, 7, 468473
List the prime factors of 14167213.
661, 21433
List the prime factors of 499858.
2, 293, 853
What are the prime factors of 499786?
2, 7, 29, 1231
List the prime factors of 16346033.
11, 1486003
List the prime factors of 232850.
2, 5, 4657
List the prime factors of 9609884.
2, 107, 22453
List the prime factors of 3996526.
2, 23, 283, 307
List the prime factors of 3981238.
2, 139, 14321
List the prime factors of 280521.
3, 71, 439
List the prime factors of 11738784.
2, 3, 122279
List the prime factors of 4167368.
2, 520921
What are the prime factors of 371469?
3, 7, 19
List the prime factors of 377350.
2, 5, 7547
List the prime factors of 238280.
2, 5, 7, 23, 37
List the prime factors of 770412.
2, 3, 19, 31, 109
List the prime factors of 984259.
73, 97, 139
List the prime factors of 3583566.
2, 3, 7, 17, 239
List the prime factors of 5834337.
3, 1944779
List the prime factors of 574686.
2, 3, 7, 4561
What are the prime factors of 2567849?
2567849
What are the prime factors of 519953?
7, 74279
What are the prime factors of 1801810?
2, 5, 180181
List the prime factors of 3517472.
2, 7, 41, 383
What are the prime factors of 6325964?
2, 37, 42743
List the prime factors of 84080.
2, 5, 1051
List the prime factors of 104992.
2, 17, 193
What are the prime factors of 2833379?
157, 18047
What are the prime factors of 335082?
2, 3, 11, 5077
List the prime factors of 17836304.
2, 79, 103, 137
List the prime factors of 28581095.
5, 29, 439, 449
What are the prime factors of 7478685?
3, 5, 19, 8747
List the prime factors of 6789604.
2, 1697401
List the prime factors of 611195.
5, 13, 9403
What are the prime factors of 6484974?
2, 3, 53, 20393
What are the prime factors of 20902525?
5, 7, 31, 3853
What are the prime factors of 160526?
2, 80263
List the prime factors of 193865.
5, 7, 29, 191
List the prime factors of 6510032.
2, 601, 677
What are the prime factors of 21783343?
37, 337, 1747
What are the prime factors of 1411250?
2, 5, 1129
List the prime factors of 263664.
2, 3, 1831
What are the prime factors of 2618310?
2, 3, 5, 87277
What are the prime factors of 218305?
5, 43661
List the prime factors of 90399.
3, 30133
List the prime factors of 318372.
2, 3, 43, 617
What are the prime factors of 5286065?
5, 17, 62189
List the prime factors of 1849259.
1849259
What are the prime factors of 6910?
2, 5, 691
List the prime factors of 3416500.
2, 5, 6833
What are the prime factors of 1650918?
2, 3, 275153
List the prime factors of 2583194.
2, 107, 12071
List the prime factors of 18437038.
2, 9218519
What are the prime factors of 316061?
113, 2797
What are the prime factors of 11136254?
2, 31, 53, 3389
What are the prime factors of 1128631?
7, 161233
List the prime factors of 31377537.
3, 53, 7309
What are the prime factors of 1436561?
7, 205223
List the prime factors of 11441458.
2, 7, 19, 43013
List the prime factors of 18394050.
2, 3, 5, 149, 823
What are the prime factors of 358680?
2, 3, 5, 7, 61
List the prime factors of 1547800.
2, 5, 71, 109
What are the prime factors of 433682?
2, 216841
What are the prime factors of 11677592?
2, 449, 3251
What are the prime factors of 156232?
2, 59, 331
What are the prime factors of 6022138?
2, 199, 15131
What are the prime factors of 244200?
2, 3, 5, 11, 37
What are the prime factors of 373162?
2, 186581
List the prime factors of 212484.
2, 3, 17707
List the prime factors of 294850.
2, 5, 5897
What are the prime factors of 8563155?
3, 5, 17, 33581
List the prime factors of 1759272.
2, 3, 73303
What are the prime factors of 2485880?
2, 5, 29, 2143
List the prime factors of 356756.
2, 89189
What are the prime factors of 400600?
2, 5, 2003
List the prime factors of 6569571.
3, 659, 3323
What are the prime factors of 3048764?
2, 181, 4211
What are the prime factors of 264019?
7, 37717
What are the prime factors of 8490672?
2, 3, 58963
List the prime factors of 4251139.
17, 29, 8623
What are the prime factors of 13515806?
2, 1453, 4651
What are the prime factors of 774947?
499, 1553
List the prime factors of 8837008.
2, 17, 53, 613
List the prime factors of 361725.
3, 5, 7, 13, 53
What are the prime factors of 953480?
2, 5, 11, 197
What are the prime factors of 370777?
11, 37, 911
List the prime factors of 2827713.
3, 7, 19, 373
List the prime factors of 7507508.
2, 19, 173, 571
What are the prime factors of 14142465?
3, 5, 104759
What are the prime factors of 13618532?
2, 47, 107, 677
What are the prime factors of 3507957?
3, 389773
List the prime factors of 9773557.
9773557
What are the prime factors of 409779?
3, 5059
What are the prime factors of 197432?
2, 23, 29, 37
List the prime factors of 754199.
31, 24329
What are the prime factors of 809845?
5, 161969
List the prime factors of 47052.
2, 3, 1307
What are the prime factors of 2748478?
2, 1374239
What are the prime factors of 135636?
2, 3, 89, 127
List the prime factors of 74003.
43, 1721
What are the prime factors of 571677?
3, 29, 6571
List the prime factors of 54211.
23, 2357
What are the prime factors of 2196131?
7, 44819
What are the prime factors of 362200?
2, 5, 1811
What are the prime factors of 409441?
409441
What are the prime factors of 242165?
5, 7, 11, 17, 37
What are the prime factors of 463408?
2, 11, 2633
What are the prime factors of 2949868?
2, 41, 17987
What are the prime factors of 1826547?
3, 89, 6841
What are the prime factors of 640147?
277, 2311
What are the prime factors of 13732853?
971, 14143
List the prime factors of 629511.
3, 209837
What are the prime factors of 1066155?
3, 5, 17, 37, 113
List the prime factors of 701738.
2, 350869
What are the prime factors of 3913255?
5, 53, 14767
What are the prime factors of 37598258?
2, 1049, 17921
List the prime factors of 2019673.
673, 3001
List the prime factors of 2016173.
53, 109, 349
List the prime factors of 2107885.
5, 13, 32429
What are the prime factors of 14259880?
2, 5, 19, 29, 647
List the prime factors of 632703.
3, 210901
List the prime factors of 20693920.
2, 5, 13, 9949
List the prime factors of 10008720.
2, 3, 5, 13901
List the prime factors of 1125271.
7, 160753
List the prime factors of 1025396.
2, 256349
List the prime factors of 477273.
3, 23, 6917
List the prime factors of 16626812.
2, 41, 101383
List